der when 852 is divided by 65?
7
Calculate the remainder when 1610 is divided by 49.
42
What is the remainder when 836 is divided by 55?
11
What is the remainder when 5622 is divided by 75?
72
What is the remainder when 163 is divided by 5?
3
What is the remainder when 985 is divided by 13?
10
What is the remainder when 4 is divided by 4?
0
What is the remainder when 6671 is divided by 38?
21
Calculate the remainder when 2533 is divided by 39.
37
Calculate the remainder when 1423 is divided by 28.
23
Calculate the remainder when 35 is divided by 32.
3
What is the remainder when 120 is divided by 34?
18
What is the remainder when 221 is divided by 6?
5
Calculate the remainder when 720 is divided by 196.
132
What is the remainder when 230 is divided by 13?
9
What is the remainder when 2959 is divided by 88?
55
Calculate the remainder when 83 is divided by 6.
5
Calculate the remainder when 1087 is divided by 56.
23
What is the remainder when 102 is divided by 3?
0
What is the remainder when 582 is divided by 151?
129
Calculate the remainder when 5612 is divided by 72.
68
What is the remainder when 77 is divided by 16?
13
What is the remainder when 154 is divided by 41?
31
Calculate the remainder when 11632 is divided by 28.
12
Calculate the remainder when 1843 is divided by 5.
3
What is the remainder when 798 is divided by 10?
8
Calculate the remainder when 33 is divided by 7.
5
Calculate the remainder when 299 is divided by 12.
11
Calculate the remainder when 843 is divided by 106.
101
Calculate the remainder when 1403 is divided by 52.
51
What is the remainder when 1873 is divided by 523?
304
What is the remainder when 115 is divided by 14?
3
Calculate the remainder when 54 is divided by 19.
16
What is the remainder when 81 is divided by 22?
15
Calculate the remainder when 714 is divided by 60.
54
Calculate the remainder when 229 is divided by 61.
46
What is the remainder when 35 is divided by 18?
17
Calculate the remainder when 251 is divided by 81.
8
What is the remainder when 486 is divided by 124?
114
What is the remainder when 879 is divided by 44?
43
Calculate the remainder when 806 is divided by 159.
11
What is the remainder when 191 is divided by 83?
25
Calculate the remainder when 214 is divided by 50.
14
Calculate the remainder when 373 is divided by 11.
10
What is the remainder when 8627 is divided by 52?
47
Calculate the remainder when 195 is divided by 29.
21
Calculate the remainder when 2701 is divided by 104.
101
Calculate the remainder when 1043 is divided by 61.
6
Calculate the remainder when 761 is divided by 750.
11
Calculate the remainder when 60 is divided by 21.
18
Calculate the remainder when 134 is divided by 41.
11
What is the remainder when 823 is divided by 132?
31
What is the remainder when 1958 is divided by 281?
272
What is the remainder when 20 is divided by 3?
2
What is the remainder when 90 is divided by 4?
2
What is the remainder when 28 is divided by 25?
3
What is the remainder when 743 is divided by 47?
38
What is the remainder when 598 is divided by 83?
17
Calculate the remainder when 428 is divided by 22.
10
Calculate the remainder when 236 is divided by 10.
6
What is the remainder when 672 is divided by 195?
87
What is the remainder when 154 is divided by 52?
50
Calculate the remainder when 608 is divided by 191.
35
Calculate the remainder when 992 is divided by 242.
24
Calculate the remainder when 189 is divided by 97.
92
What is the remainder when 87 is divided by 52?
35
What is the remainder when 145 is divided by 75?
70
Calculate the remainder when 5736 is divided by 140.
136
Calculate the remainder when 61 is divided by 11.
6
Calculate the remainder when 15704 is divided by 23.
18
Calculate the remainder when 125 is divided by 6.
5
What is the remainder when 272 is divided by 11?
8
What is the remainder when 251 is divided by 42?
41
What is the remainder when 2701 is divided by 26?
23
Calculate the remainder when 188 is divided by 40.
28
Calculate the remainder when 105 is divided by 55.
50
What is the remainder when 139 is divided by 120?
19
Calculate the remainder when 251 is divided by 6.
5
What is the remainder when 36 is divided by 1?
0
What is the remainder when 107 is divided by 27?
26
Calculate the remainder when 146 is divided by 41.
23
Calculate the remainder when 11036 is divided by 2757.
8
What is the remainder when 1512 is divided by 502?
6
What is the remainder when 115 is divided by 13?
11
Calculate the remainder when 8606 is divided by 32.
30
Calculate the remainder when 226 is divided by 117.
109
Calculate the remainder when 1125 is divided by 82.
59
What is the remainder when 365 is divided by 18?
5
What is the remainder when 1385 is divided by 66?
65
What is the remainder when 146 is divided by 29?
1
Calculate the remainder when 2037 is divided by 405.
12
Calculate the remainder when 287 is divided by 72.
71
Calculate the remainder when 1582 is divided by 5.
2
Calculate the remainder when 8591 is divided by 13.
11
What is the remainder when 559 is divided by 187?
185
Calculate the remainder when 57 is divided by 43.
14
What is the remainder when 287 is divided by 98?
91
Calculate the remainder when 30 is divided by 7.
2
What is the remainder when 1332 is divided by 33?
12
What is the remainder when 70 is divided by 4?
2
What is the remainder when 12797 is divided by 16?
13
What is the remainder when 50 is divided by 21?
8
Calculate the remainder when 297 is divided by 80.
57
What is the remainder when 404 is divided by 137?
130
Calculate the remainder when 4041 is divided by 270.
261
What is the remainder when 252 is divided by 214?
38
Calculate the remainder when 566 is divided by 18.
8
Calculate the remainder when 323 is divided by 111.
101
What is the remainder when 483 is divided by 61?
56
What is the remainder when 46 is divided by 25?
21
What is the remainder when 566 is divided by 125?
66
Calculate the remainder when 111 is divided by 4.
3
Calculate the remainder when 262 is divided by 46.
32
What is the remainder when 6603 is divided by 9?
6
Calculate the remainder when 645 is divided by 32.
5
Calculate the remainder when 126 is divided by 32.
30
Calculate the remainder when 683 is divided by 36.
35
Calculate the remainder when 35 is divided by 6.
5
What is the remainder when 76 is divided by 60?
16
Calculate the remainder when 89 is divided by 30.
29
Calculate the remainder when 2055 is divided by 8.
7
Calculate the remainder when 10 is divided by 10.
0
What is the remainder when 329 is divided by 11?
10
Calculate the remainder when 485 is divided by 18.
17
Calculate the remainder when 438 is divided by 49.
46
Calculate the remainder when 341 is divided by 43.
40
What is the remainder when 87 is divided by 65?
22
Calculate the remainder when 329 is divided by 9.
5
What is the remainder when 149 is divided by 57?
35
What is the remainder when 58 is divided by 10?
8
What is the remainder when 6835 is divided by 159?
157
Calculate the remainder when 68 is divided by 23.
22
Calculate the remainder when 32 is divided by 9.
5
Calculate the remainder when 48 is divided by 27.
21
Calculate the remainder when 2588 is divided by 536.
444
Calculate the remainder when 2516 is divided by 210.
206
Calculate the remainder when 1105 is divided by 21.
13
What is the remainder when 95 is divided by 49?
46
Calculate the remainder when 600 is divided by 192.
24
Calculate the remainder when 108 is divided by 37.
34
Calculate the remainder when 195 is divided by 49.
48
Calculate the remainder when 57 is divided by 36.
21
What is the remainder when 211 is divided by 196?
15
What is the remainder when 6040 is divided by 19?
17
What is the remainder when 327 is divided by 254?
73
Calculate the remainder when 1299 is divided by 323.
7
Calculate the remainder when 51 is divided by 23.
5
What is the remainder when 52 is divided by 33?
19
What is the remainder when 2356 is divided by 122?
38
Calculate the remainder when 1606 is divided by 161.
157
What is the remainder when 381 is divided by 12?
9
What is the remainder when 327 is divided by 79?
11
Calculate the remainder when 77 is divided by 37.
3
What is the remainder when 1008 is divided by 127?
119
What is the remainder when 439 is divided by